 z(j).
26
Let g(w) = w + 1. Let r be g(-3). Let b be 6 + (4 + 4 + -4)/r. Let y(f) = -f + 6. What is y(b)?
2
Suppose 3*x - 14 = -2. Suppose -2*s + x*s = y - 2, -y = -s. Let c(z) = 5*z + 2. Give c(y).
-8
Let c(k) = -k**3 - 8*k**2 + 3*k + 2. Suppose 3*s - 31 = 5*s + 3*z, -s + 7 = -3*z. Calculate c(s).
-22
Let s(d) be the second derivative of 0*d**2 + 0*d**3 + 0 - 36*d - 1/12*d**4 + 2/5*d**5. Calculate s(-1).
-9
Let f be 2 + 4*(-2)/(-4). Let m(w) = 7*w - 229. Let b(k) = -k + 35. Let g(y) = 26*b(y) + 4*m(y). Give g(f).
2
Let c(z) = -7*z**3 - z**2 - z + 5. Let h(i) = -5*i**3 - i**2 - i + 4. Let w(f) = 3*c(f) - 4*h(f). Determine w(-2).
9
Let q(r) be the first derivative of -r**2/2 + 4*r + 137. Calculate q(12).
-8
Let a(l) = -3 + 2 - 2*l + 2*l + l. Suppose -3*i - 11 = j, -2*i + 32 = -6*i + 3*j. Determine a(i).
-6
Suppose -4*t + 4 = -8. Let r be 4 + (-3 + 0)/t. Let p(v) = 2 - 6 - v**2 + 3 + r. Determine p(0).
2
Suppose 5*x - 13 - 2 = 0. Suppose -4*j = x*j - 147. Let v = 14 - j. Let p(z) = z**2 + 7*z - 6. What is p(v)?
-6
Let x(o) be the first derivative of -1/4*o**4 + 8*o + 4*o**2 + 5 - 5/3*o**3. What is x(-6)?
-4
Let i = 411 + -410. Let q(l) = l - 7*l**2 + 3*l**2 - 7*l**2. Determine q(i).
-10
Let r = -5 + 5. Let p(x) be the second derivative of x**8/6720 - x**5/15 + x**4/4 + 18*x. Let b(q) be the third derivative of p(q). Calculate b(r).
-8
Let d(v) = -v**2 - 3*v + 5. Let j(z) = z**2 + z - 1. Let t(p) = p**3 + p + 11. Let f(k) = 5*j(k) - t(k). Let n be f(5). Give d(n).
-23
Let a = -10 - -8. Let d(c) = 8*c - 3. Let o(j) = -4*j + 1. Let w(b) = a*d(b) - 5*o(b). Suppose 5 = -2*s + z, 4*z = -5*s + 3 + 4. Give w(s).
-3
Let v(x) = -x**3 - 4*x**2 - 3*x + 4. Let o be v(-3). Let l(d) = 63*d + 325. Let g be l(-5). Suppose -o = -g*c + 8*c. Let f(q) = 6*q - 2. What is f(c)?
10
Let v(o) = -1261*o + 4 - 53 + 7 - 1255*o + 2513*o. Calculate v(-12).
-6
Let u(m) = -m**3 + m**2 + 15*m - 8. Suppose -20*w = 20*w - 160. What is u(w)?
4
Let g(w) = -78*w - 228. Let s be g(-3). Let l(c) = -9*c + 48. Determine l(s).
-6
Let y = -8 - -4. Let k(z) be the first derivative of -z**5/60 - z**4/12 - z**3/6 + 9*z**2 - 12. Let b(l) be the second derivative of k(l). Calculate b(y).
-9
Let y(l) = 1273*l**2 - 637*l**2 - 633*l**2. Determine y(-2).
12
Suppose 0 = 5*p - 0*p - 30. Let x be 10/5 - p/2. Let l(f) be the second derivative of -3*f**5/20 - 25*f. Determine l(x).
3
Let y be (-68)/(-10) + (9 - (-308)/(-35)). Let m(h) = h**2 - 5*h - 8. Give m(y).
6
Let z(y) be the first derivative of y**2 - 1/4*y**4 + 0*y - 2/3*y**3 + 2. Determine z(-3).
3
Let h(r) = -r**3 + 4*r**2 - 4*r + 18. Let s be h(4). Suppose 5*o + 3*g = 12, 4*o - 3 + 11 = s*g. Let j(q) = q**3 + q**2 + q + 4. Calculate j(o).
4
Let s(u) = u**2 - 3*u - 4. Suppose 7*k + 35 = 2*k. Let b be 4/k + 150/42. Suppose 0 = -3*r + 3, 2*r = -b*p - 2*p + 17. Calculate s(p).
-4
Let j(g) = g - 4. Suppose -2*q + k = 2*k - 17, -5*q + 44 = 3*k. Let x be (-4)/8*-2*q. Calculate j(x).
3
Let v(i) = 5*i**2 + 6*i - 2. Let p(y) = -7*y**2 - 5*y. Let c(m) = 2*p(m) + 3*v(m). Suppose 41 = -4*j + 5. What is c(j)?
3
Let z(h) be the first derivative of 5*h**3/3 + h**2 + h + 100. Give z(-1).
4
Suppose i = 5*k - 44, 2*k + 6 = -5*i + 2. Let x = k + -14. Let q(y) = y**3 + 6*y**2 + 1. What is q(x)?
1
Let a(b) = -b**2 - 9*b + 2. Let h = -24 - 4. Let i = 18 + h. Determine a(i).
-8
Let p(x) = -x + 1. Let m(w) = 3*w - 2. Suppose -2*y - 4*u = -2, 5*y + u - 2*u = 16. Let a(t) = y*m(t) + 8*p(t). Give a(3).
5
Suppose -w - 5*q = 3, 2*w + 1 - 10 = 5*q. Let c(p) = p + 1 - w + 2 - 3. Determine c(8).
6
Let u be 3 - (24/(-1) - 4). Let g = -26 + u. Let h(i) = -1 - i**2 + 0 + 5*i - 2*i. Determine h(g).
-11
Let n(o) be the second derivative of -o**4/12 - o**3 + o**2 - 7*o. Let b(q) = -q**3 - 2*q**2 - q. Let r be b(-2). Suppose r = 2*a + 12. Calculate n(a).
7
Let x(l) be the first derivative of -l**2 + 4*l - 16. Give x(4).
-4
Let n = -208 - -201. Let k(q) = -5 + q**2 - q + 4*q + 4*q. What is k(n)?
-5
Let b(p) = -6 - 2*p - 3*p + 2*p + 2*p. Let o = 14 - 6. Calculate b(o).
-14
Let t = 14 - 13. Let c be t + 3 + 4 + -2. Let k(h) = -h**3 - h**2 - 3*h**2 - 2*h - 2*h + c*h. What is k(-4)?
-8
Let m(n) = n**3 - 7*n**2 + 2*n - 12. Let g be m(7). Let l(w) = -2*w**2 + 2*w - w - w. Calculate l(g).
-8
Let r be 4/3*((-9)/(-2))/1. Let d(j) = 8*j - r*j + 6*j. Give d(1).
8
Let b(l) = -6*l**3 - 6. Let r(p) = 5*p**3 + p**2 + p + 6. Let h(u) = 4*b(u) + 5*r(u). Let n be 1 + (3 - 3 - 1)*-7. Suppose -n*o = -22 + 54. What is h(o)?
2
Let n = -13 - -11. Let d(o) be the third derivative of -o**6/360 - o**5/120 + o**4/4 - 2*o**2. Let h(c) be the second derivative of d(c). What is h(n)?
3
Let b(f) = -8*f**3 - 2*f - 1. Suppose 0 = -0*u - 5*u + 2*t - 1, 3*u - 1 = 2*t. What is b(u)?
9
Let y = 456 - 461. Let g(s) = -4*s - 15. Give g(y).
5
Suppose -18*x + 14*x = -16. Let v be x/14 + 94/14. Let l(j) = j**3. Let q(z) = -7*z**2 - z + 10. Let f(k) = -l(k) - q(k). Give f(v).
-3
Let p(u) = -1. Let c(f) = -f - 5. Let o = -6 - -5. Let h(x) = o*c(x) + 4*p(x). Suppose 2*v - 3 = -15. What is h(v)?
-5
Let x(u) = u**3 + 3*u**2 - 12*u + 12. Let n(y) = y**3 + 3*y**2 - 11*y + 11. Let j(s) = 5*n(s) - 4*x(s). What is j(-5)?
-8
Let s(o) = -2*o + 19. Let r(l) = 31*l - 85. Let t be r(3). Give s(t).
3
Let r be 1/5 + (-36)/(-20). Let u(h) = -2*h + 0*h**r + h**2 + 7*h - 1 + 0. Calculate u(-7).
13
Let c(x) = 2*x**3 - 3*x**2 - 2*x - 1. Suppose 113 = -49*t + 15. What is c(t)?
-25
Let w(j) = j**2 - j + 1. Let l(p) = p**2 + 6*p + 11. Let y(t) = l(t) - 2*w(t). What is y(8)?
9
Suppose -4 = -b + 5*b. Let s(q) = -4*q + 17. Let c be s(-8). Let d(o) = -42*o + c*o + 5 - 4. What is d(b)?
-6
Let w(o) = 21*o**3 + 16*o**2 + 10*o + 21. Let s(g) = -4*g**3 - 3*g**2 - 2*g - 4. Let u(j) = -11*s(j) - 2*w(j). Suppose -42 = 8*b + 13*b. Determine u(b).
-14
Let j(z) = -7*z**2 + 8*z + 4. Let c(k) = -2*k**2 + 2*k - 3 + 0 + 4 + 0. Let q(i) = -22*c(i) + 6*j(i). Calculate q(-2).
2
Let v(o) = 2*o**2 + 5*o - 2. Let f(r) = 2*r - 2. Let y be f(0). Let w be (8/y)/2 - (7 - 5). What is v(w)?
10
Let k = 4 + 4. Suppose 17 + k = 5*r. Let s(g) = 4*g - 5 + 3 - 3*g - r. Give s(6).
-1
Suppose 5*j - 3*n + 5 = 0, 2*n = j - 6*j - 30. Let p = j - 1. Let h(x) = x**2 + 4*x - 3. Determine h(p).
2
Suppose 2*n + 5*t = 16, 3*t - 2 = 5*n - 42. Let g(s) = s - 4. Give g(n).
4
Let c(j) be the second derivative of 0 - 1/6*j**3 - 18*j - 6*j**2. Give c(-11).
-1
Suppose -135*s + 144*s + 45 = 0. Let i(y) = -y**3 - 4*y**2 + y - 11. What is i(s)?
9
Let v(o) = -o**3 + 3*o**2 - 3*o. Let i be 3 - 0 - (7 + -25). Let a be (-2)/(-14) - (3/i - 2). Determine v(a).
-2
Suppose -23 = -5*q + 2. Suppose m + 15 + 3 = 5*d, q*d = 10. Let p(x) = -x**3 - 7*x**2 + 10*x + 11. Determine p(m).
-5
Let i(p) = 5*p - 25. Let d be i(6). Suppose 0 = d*l - 3 - 22. Let b(u) = u**3 - 5*u**2. What is b(l)?
0
Let t(j) be the first derivative of j**3/3 + 3*j**2 - j - 29. Let l be t(-5). Let o(m) = m**2 + 7*m + 9. Calculate o(l).
3
Suppose 2*o + 3*o = x + 18, 0 = 3*o + x - 14. Let y(j) = 3*j**2 - 11*j + 18. Let z(d) = -d**2 + 4*d - 6. Let g(c) = 2*y(c) + 7*z(c). Calculate g(o).
2
Let m = 50 + -43. Suppose m*j = -24 - 4. Let h(t) = t**2 + 4*t + 1. Determine h(j).
1
Let z(t) = -8 + 4 - 3 - 2 + t - 4. What is z(0)?
-13
Let l(a) = -a**3 + 10*a**2 + 8*a. Let x = -1346 + 1357. Give l(x).
-33
Let a = 50 - 68. Let d be 4*a/12*-1. Let i(g) = -g**2 + 7*g - 8. Calculate i(d).
-2
Suppose 3*m = -4*r - 0*m + 19, -2*m - 14 = -4*r. Let a(p) = -9*p + 2 + 6*p + p**2 + r*p + 2*p. Give a(-6).
20
Let i(l) = -2*l**2 + 12*l + 1. Let v(g) = g**3 - 11*g**2 - 10*g - 15. Let a be v(12). What is i(a)?
-53
Let x(u) = -3*u + 1. Let g(a) = 25*a - 4. Let y(p) = g(p) + 8*x(p). Suppose -2*l - 3 = 3. Determine y(l).
1
Let y(g) = 15*g**3 + 3*g**2 - 3*g - 7. Let f(z) = 27*z**3 + 5*z**2 - 6*z - 13. Let r(n) = -6*f(n) + 11*y(n). Let t be (-3)/(-2)*(-16)/12. Determine r(t).
-17
Let q(m) = -m**3 - m**2 - 1. Suppose 9*l - 2*l = 0. What is q(l)?
-1
Let r = -59 + 63. Suppose -4*f = -5*n - 15, 2*f + 2*f - 24 = -r*n. Let u(k) = -12*k**2 + 1. Give u(n).
-11
Let w(p) = 3*p**3 - p**2 - 2*p + 2. Suppose d - 5*o - 31 = -d, -d = 5*o + 7. Suppose -6*y + d = -2*y + i, 5*y - 10 = 5*i. Calculate w(y).
18
Let v(k) = 5*k. Let l = -39 + 55. Let s be (-8)/6*(-12)/l. Determine v(s).
5
Suppose 682*o 